ose -21 = -2*d - w, -w - 12 = d + 4*w. Let j be 9774/13 - (24/d + -2). What is the greatest common divisor of 94 and j?
94
Let t = 334 - 294. Suppose t = -187*k + 188*k. What is the greatest common factor of 260 and k?
20
Let a(n) = 13*n + 122. Let h be a(-11). Let p be 9 - ((-3)/h + (-52)/(-28)). What is the highest common divisor of 357 and p?
7
Let z be (4 - -28)*(-3)/(-6). Let k(c) = -c**3 - 4*c**2 + 2*c - 10. Let b be k(-5). Suppose -i + 3 + b = 0. Calculate the greatest common divisor of i and z.
8
Suppose 51*u - 104662 + 29088 - 92828 = 0. Calculate the highest common divisor of 26 and u.
26
Let q = 56 - 37. Let i be 1032/18 + 1/(-3). Let g = i + -38. Calculate the greatest common divisor of g and q.
19
Suppose -4*n + 732 = -2*y, 22*n + 4*y - 183 = 21*n. What is the greatest common divisor of n and 1952?
61
Let t be (-196)/(-147)*108/2. Suppose k + t = 4*k. Calculate the highest common divisor of k and 3.
3
Suppose 0 = o - 5*z - 69, -4*o + z + 207 = 4*z. Let w be o/162*1*129. Suppose 0*u + 2*u = 516. What is the highest common divisor of w and u?
43
Suppose -5*b = -288 - 237. Calculate the greatest common divisor of b and 259.
7
Suppose 2*t - 5*m = 8, 9*m = t + 13*m - 4. Suppose -d - t*n + 19 = -20, -5*n = -10. Calculate the highest common factor of 465 and d.
31
Let f be (-6)/(8/4 + -4). Let w be -6*((-12)/f)/(-8). Let r be w + 23/(-1)*(8 + -14). What is the greatest common divisor of r and 54?
27
Suppose 9*u - 13 = 257. Suppose -7*y + 26 + u = 0. Calculate the greatest common divisor of 72 and y.
8
Suppose 4*l - 86 = 30. Let q = l - -19. Let w = -3118 - -3124. What is the highest common factor of w and q?
6
Suppose -90*g + 5075 = -170*g + 87*g. Calculate the greatest common factor of g and 116.
29
Suppose 0 = -c + 11 - 7. Let r(d) = -9*d + 363 - 370 - c*d**2 + 3*d**3 - 2*d**3. Let y be r(6). What is the highest common factor of 44 and y?
11
Suppose 5*c - 2630 = -6*l + 11*l, 5*c - l = 2642. Calculate the highest common divisor of c and 161.
23
Suppose 3*z - 5*f - 421 = 0, -z + 2*f = -f - 135. Suppose 4*m - z = -35. Calculate the highest common factor of 140 and m.
28
Let z be 26/65*10/2. Suppose -z*h + 32 + 108 = 0. Calculate the highest common divisor of h and 35.
35
Suppose -3780 = 3*p + 7*p. Let d be 9*(-7)/(-84) - p/8. Calculate the highest common factor of 24 and d.
24
Suppose j + 3 = 19. Let p(t) = 2*t**2 + 20*t + 12. Let b be p(-10). Let m = b - -4. What is the greatest common factor of m and j?
16
Suppose 0 = 5*v - 4*f + 117 - 3243, -629 = -v - 3*f. Calculate the highest common factor of 30 and v.
2
Let g be (-1)/3 + 1629/27. Suppose -20*s + g = -14*s. Let a be 12 - (24/s - (-6)/10). Calculate the greatest common factor of a and 99.
9
Suppose 32375 - 64848 = -18*m + 62045. What is the greatest common divisor of 89 and m?
89
Let p = 1361 + -957. Calculate the highest common divisor of 36 and p.
4
Suppose 2*p - 5*k = 535, -4*p + 82*k - 79*k = -1049. Calculate the highest common factor of 143 and p.
13
Let q be 9/(-3) + 204/6. Let w be (16 - 19) + q/1. What is the greatest common divisor of w and 364?
28
Suppose -10*y + 5*s - 6257 = -12*y, -3*y - 2*s = -9402. What is the highest common divisor of y and 147?
49
Suppose 0 = -4*l - 4*v + 91 - 395, -223 = 3*l - 2*v. Let i = l + 103. Let t = i - 1. Calculate the highest common factor of t and 27.
27
Let j be 339/6 + (-1)/(-2). Let k be ((-259)/14 + 18)*(-114 - 0). What is the highest common factor of k and j?
57
Let t be -3*5/(-15)*4. Suppose 2*m - t*m = 74. Let a = m - -79. Calculate the highest common divisor of 294 and a.
42
Let b(p) = 46*p + 1208. Let t be b(-26). Suppose -m = 2*q - 595, -5*q + 1248 = 2*m - 242. What is the highest common divisor of q and t?
12
Suppose 10*w - 603 = -2*x + 5*w, 0 = 2*x + 3*w - 597. Calculate the highest common factor of 322 and x.
14
Let r = -82882 - -82957. Let j(k) = 2*k + 1. Let l be j(2). Suppose y + 4*q = 35, 0 = -q + 2*q - l. What is the greatest common divisor of y and r?
15
Suppose -8*n + 53 = -19. Let w(x) = -x**2 + 2*x**2 + 7 + 6 - 2*x + n*x. Let b be w(-10). Calculate the greatest common divisor of b and 387.
43
Let v be 16/2 + -2 + -6. Let a(s) = -7*s + 14. Let f be a(v). What is the highest common divisor of 4 and f?
2
Suppose 3152 = t + 3*k - 1206, 3*t = -k + 13058. What is the highest common factor of t and 32?
32
Let g(i) = 11 - 3*i**2 + 1517*i + 2*i**2 - 1490*i. Let w be g(27). What is the highest common factor of 176 and w?
11
Let j = 576 + 90. Let a be 20/40 + (-2)/(-12) + 25/3. What is the greatest common divisor of j and a?
9
Let m(c) = c**2 - 4*c - 17. Let k be m(7). Let z be (4*-4)/k - -164. Let g be -3 + 1*(-3 - -22). What is the highest common factor of z and g?
16
Suppose 5*d - 5*h = 715, -h + 40 = d - 91. Calculate the highest common factor of 3699 and d.
137
Let f(q) = q**3 - 13*q**2 + 4*q - 40. Let w = 12 - -1. Let n be f(w). Calculate the greatest common factor of n and 768.
12
Let u = -61430 + 62015. Let a be 52/((-51)/(-15) + -3). What is the highest common factor of a and u?
65
Let a be 75 + -1*4*(-2)/(-8). Let w be a/26 + 6/39. Suppose 0 = l + w*l - 228. What is the highest common factor of l and 38?
19
Suppose -4*q - 26 = -178. Let b be -89 + -2 + 49/7. Let m = b + 103. What is the highest common factor of m and q?
19
Let a = 49 - 6. Let d be 9 + -5 + -2 + a - 4. What is the greatest common factor of 205 and d?
41
Suppose 0 = 164*c - 162*c - 6. Suppose -c = -a, -2*r + 40 = 5*a - 155. Calculate the greatest common divisor of 5 and r.
5
Let j(v) = -v**2 - 17*v - 9. Let n be j(-16). Suppose -n*c + 0*c + 504 = 0. What is the greatest common divisor of c and 4?
4
Suppose 1548 = 5*t - 48*w + 44*w, -5*t = -2*w - 1554. What is the greatest common divisor of 228 and t?
12
Let y be (29/((-348)/(-248)))/(322/(-324) - -1). What is the greatest common divisor of y and 12?
12
Let k = -439 + 604. Let m = k + 346. Calculate the highest common divisor of 7 and m.
7
Let u(d) = 8 - 3 + 20*d**2 + 5*d + 10 - d. Let z be u(3). What is the highest common divisor of 9 and z?
9
Let h(v) = 2*v**2 + 3*v - 53. Let a be h(-10). Let l = -82 + a. What is the greatest common divisor of 14 and l?
7
Suppose -3*n + 2*n + 162 = -2*a, -3 = -a. Let x = -9 - -33. What is the greatest common factor of x and n?
24
Let m be (0 + 605)*28/70. Let h = -11 + 18. Suppose -4*t + h*t - 66 = 0. Calculate the greatest common factor of t and m.
22
Suppose 0 = -4*z, 3*h + 2*z - 114 + 0 = 0. Let n = 4 + 10. Let p be ((-4)/6)/(n/(-798)). Calculate the highest common divisor of p and h.
38
Suppose -343649 = -39*v + 9808. What is the highest common factor of v and 106?
53
Let u be -3 - 7420/(-24) - (-34)/(-204). Let w be (-5)/15 + (-205)/(-3). Calculate the greatest common divisor of u and w.
34
Let s = -28 + 73. Let i(v) = -13*v - 268. Suppose 5*o + 22*o = -567. Let c be i(o). Calculate the greatest common divisor of s and c.
5
Let a(k) = k**2 + k - 4. Let s be a(-3). Suppose 21 = f - 5*n, 2*n + 5 = -f - s. Let i be (-2 - f)*(-5 - 8/3). What is the highest common divisor of 115 and i?
23
Let t = 594 + -144. Suppose q = -5*p + 5*q + t, 3*p + 3*q = 270. Suppose -5*f + 105 = -p. What is the greatest common factor of f and 13?
13
Let u(o) = -16*o + 344. Let y be u(20). Calculate the highest common factor of y and 96.
24
Let m be (5954/104 - 58)/(((-3)/(-172))/(-3)). What is the highest common divisor of 14104 and m?
43
Let m be 1792/672*((-13)/(-2) - -1). Calculate the highest common divisor of 364 and m.
4
Let w(p) = p**3 - 11*p**2 + 8*p - 47. Let x be w(11). Suppose 5*y = x + 39. Calculate the highest common divisor of y and 32.
16
Let j = 68 - -48. Let c be 8 + (1305/(-3))/15. Let o = j + c. Calculate the greatest common factor of o and 19.
19
Let x be ((-34)/(-442) - 1358/78)*(-1878)/8. Calculate the greatest common divisor of 13 and x.
13
Let l be (27/(-45))/(0 + (-3)/(-15)). Let m be (-12)/(-4)*7*(l - -8). Calculate the greatest common factor of 15 and m.
15
Let i = 21 + -5. Let x be ((-1)/(-5) + -1)*720/24. Let k be (-372)/(-9) - x/(-18). What is the highest common factor of k and i?
8
Suppose g - 25 = -2*x - 5, 0 = -4*g - 2*x + 68. Let o(i) = 4*i**2 + 8*i - 16. Let m be o(-8). Calculate the greatest common divisor of m and g.
16
Let y be 4/(-6) - (-238)/51. Sup